[INFO] fetching crate trillium-router 0.3.5...
[INFO] checking trillium-router-0.3.5 against master#e6e4f7ed1589e03bc2f6c5931c1a72e7947e8682 for beta-170-4
[INFO] extracting crate trillium-router 0.3.5 into /workspace/builds/worker-7-tc2/source
[INFO] validating manifest of crates.io crate trillium-router 0.3.5 on toolchain e6e4f7ed1589e03bc2f6c5931c1a72e7947e8682
[INFO] running `Command { std: CARGO_HOME="/workspace/cargo-home" RUSTUP_HOME="/workspace/rustup-home" "/workspace/cargo-home/bin/cargo" "+e6e4f7ed1589e03bc2f6c5931c1a72e7947e8682" "metadata" "--manifest-path" "Cargo.toml" "--no-deps", kill_on_drop: false }`
[INFO] started tweaking crates.io crate trillium-router 0.3.5
[INFO] finished tweaking crates.io crate trillium-router 0.3.5
[INFO] tweaked toml for crates.io crate trillium-router 0.3.5 written to /workspace/builds/worker-7-tc2/source/Cargo.toml
[INFO] crate crates.io crate trillium-router 0.3.5 already has a lockfile, it will not be regenerated
[INFO] running `Command { std: CARGO_HOME="/workspace/cargo-home" RUSTUP_HOME="/workspace/rustup-home" "/workspace/cargo-home/bin/cargo" "+e6e4f7ed1589e03bc2f6c5931c1a72e7947e8682" "fetch" "--manifest-path" "Cargo.toml", kill_on_drop: false }`
[INFO] running `Command { std: "docker" "create" "-v" "/var/lib/crater-agent-workspace/builds/worker-7-tc2/target:/opt/rustwide/target:rw,Z" "-v" "/var/lib/crater-agent-workspace/builds/worker-7-tc2/source:/opt/rustwide/workdir:ro,Z" "-v" "/var/lib/crater-agent-workspace/cargo-home:/opt/rustwide/cargo-home:ro,Z" "-v" "/var/lib/crater-agent-workspace/rustup-home:/opt/rustwide/rustup-home:ro,Z" "-e" "SOURCE_DIR=/opt/rustwide/workdir" "-e" "CARGO_TARGET_DIR=/opt/rustwide/target" "-e" "CARGO_HOME=/opt/rustwide/cargo-home" "-e" "RUSTUP_HOME=/opt/rustwide/rustup-home" "-w" "/opt/rustwide/workdir" "-m" "1610612736" "--user" "0:0" "--network" "none" "ghcr.io/rust-lang/crates-build-env/linux@sha256:19e73879b68f455e41552ea35293514db52ea292d993f571636dbffedb77a1ee" "/opt/rustwide/cargo-home/bin/cargo" "+e6e4f7ed1589e03bc2f6c5931c1a72e7947e8682" "metadata" "--no-deps" "--format-version=1", kill_on_drop: false }`
[INFO] [stdout] bf3b1b9b0aa82146b5f6aab54d9c3cf52fbeed1e19d2539f6e89dfb2eb3d827d
[INFO] running `Command { std: "docker" "start" "-a" "bf3b1b9b0aa82146b5f6aab54d9c3cf52fbeed1e19d2539f6e89dfb2eb3d827d", kill_on_drop: false }`
[INFO] running `Command { std: "docker" "inspect" "bf3b1b9b0aa82146b5f6aab54d9c3cf52fbeed1e19d2539f6e89dfb2eb3d827d", kill_on_drop: false }`
[INFO] running `Command { std: "docker" "rm" "-f" "bf3b1b9b0aa82146b5f6aab54d9c3cf52fbeed1e19d2539f6e89dfb2eb3d827d", kill_on_drop: false }`
[INFO] [stdout] bf3b1b9b0aa82146b5f6aab54d9c3cf52fbeed1e19d2539f6e89dfb2eb3d827d
[INFO] running `Command { std: "docker" "create" "-v" "/var/lib/crater-agent-workspace/builds/worker-7-tc2/target:/opt/rustwide/target:rw,Z" "-v" "/var/lib/crater-agent-workspace/builds/worker-7-tc2/source:/opt/rustwide/workdir:ro,Z" "-v" "/var/lib/crater-agent-workspace/cargo-home:/opt/rustwide/cargo-home:ro,Z" "-v" "/var/lib/crater-agent-workspace/rustup-home:/opt/rustwide/rustup-home:ro,Z" "-e" "SOURCE_DIR=/opt/rustwide/workdir" "-e" "CARGO_TARGET_DIR=/opt/rustwide/target" "-e" "CARGO_INCREMENTAL=0" "-e" "RUST_BACKTRACE=full" "-e" "RUSTFLAGS=--cap-lints=forbid" "-e" "RUSTDOCFLAGS=--cap-lints=forbid" "-e" "CARGO_HOME=/opt/rustwide/cargo-home" "-e" "RUSTUP_HOME=/opt/rustwide/rustup-home" "-w" "/opt/rustwide/workdir" "-m" "1610612736" "--user" "0:0" "--network" "none" "ghcr.io/rust-lang/crates-build-env/linux@sha256:19e73879b68f455e41552ea35293514db52ea292d993f571636dbffedb77a1ee" "/opt/rustwide/cargo-home/bin/cargo" "+e6e4f7ed1589e03bc2f6c5931c1a72e7947e8682" "check" "--frozen" "--all" "--all-targets" "--message-format=json", kill_on_drop: false }`
[INFO] [stdout] 56617d3c7d3b33f86ee46e4f946916044a9cf103fea4712070bff656ff63d204
[INFO] running `Command { std: "docker" "start" "-a" "56617d3c7d3b33f86ee46e4f946916044a9cf103fea4712070bff656ff63d204", kill_on_drop: false }`
[INFO] [stderr]    Compiling proc-macro2 v1.0.52
[INFO] [stderr]    Compiling quote v1.0.26
[INFO] [stderr]    Compiling syn v1.0.109
[INFO] [stderr]    Compiling smartstring v1.0.1
[INFO] [stderr]    Compiling futures-core v0.3.27
[INFO] [stderr]    Compiling libc v0.2.140
[INFO] [stderr]    Compiling io-lifetimes v1.0.9
[INFO] [stderr]     Checking once_cell v1.17.1
[INFO] [stderr]     Checking futures-io v0.3.27
[INFO] [stderr]    Compiling httparse v1.8.0
[INFO] [stderr]     Checking ahash v0.8.3
[INFO] [stderr]     Checking futures-lite v1.12.0
[INFO] [stderr]     Checking waker-set v0.2.0
[INFO] [stderr]    Compiling rustix v0.36.11
[INFO] [stderr]    Compiling async-trait v0.1.67
[INFO] [stderr]     Checking hashbrown v0.13.2
[INFO] [stderr]     Checking smartcow v0.2.1
[INFO] [stderr]     Checking encoding_rs v0.8.32
[INFO] [stderr]     Checking memmem v0.1.1
[INFO] [stderr]     Checking linux-raw-sys v0.1.4
[INFO] [stderr]     Checking httpdate v1.0.2
[INFO] [stderr]     Checking mime v0.3.17
[INFO] [stderr]    Compiling syn v2.0.3
[INFO] [stderr]     Checking regex-syntax v0.6.28
[INFO] [stderr]     Checking routefinder v0.5.3
[INFO] [stderr]     Checking humantime v2.1.0
[INFO] [stderr]     Checking termcolor v1.2.0
[INFO] [stderr]     Checking regex v1.7.1
[INFO] [stderr]     Checking is-terminal v0.4.5
[INFO] [stderr]     Checking env_logger v0.10.0
[INFO] [stderr]    Compiling thiserror-impl v1.0.40
[INFO] [stderr]    Compiling pin-project-internal v1.0.12
[INFO] [stderr]     Checking thiserror v1.0.40
[INFO] [stderr]     Checking pin-project v1.0.12
[INFO] [stderr]     Checking stopper v0.2.0
[INFO] [stderr]     Checking trillium-http v0.2.12
[INFO] [stderr]     Checking trillium v0.2.6
[INFO] [stderr]     Checking trillium-router v0.3.5 (/opt/rustwide/workdir)
[INFO] [stdout] error[E0432]: unresolved import `trillium_logger`
[INFO] [stdout]  --> examples/nested-router.rs:2:5
[INFO] [stdout]   |
[INFO] [stdout] 2 | use trillium_logger::Logger;
[INFO] [stdout]   |     ^^^^^^^^^^^^^^^ use of undeclared crate or module `trillium_logger`
[INFO] [stdout]   |
[INFO] [stdout] help: there is a crate or module with a similar name
[INFO] [stdout]   |
[INFO] [stdout] 2 | use trillium_router::Logger;
[INFO] [stdout]   |     ~~~~~~~~~~~~~~~
[INFO] [stdout] 
[INFO] [stdout] 
[INFO] [stdout] error[E0433]: failed to resolve: use of undeclared crate or module `trillium_smol`
[INFO] [stdout]  --> examples/router.rs:5:5
[INFO] [stdout]   |
[INFO] [stdout] 5 |     trillium_smol::run(
[INFO] [stdout]   |     ^^^^^^^^^^^^^ use of undeclared crate or module `trillium_smol`
[INFO] [stdout] 
[INFO] [stdout] 
[INFO] [stdout] error: aborting due to previous error
[INFO] [stdout] 
[INFO] [stdout] 
[INFO] [stdout] For more information about this error, try `rustc --explain E0433`.
[INFO] [stdout] 
[INFO] [stderr] error: could not compile `trillium-router` (example "router") due to 2 previous errors
[INFO] [stderr] warning: build failed, waiting for other jobs to finish...
[INFO] [stdout] error[E0433]: failed to resolve: use of undeclared crate or module `trillium_testing`
[INFO] [stdout]  --> tests/options.rs:2:5
[INFO] [stdout]   |
[INFO] [stdout] 2 | use trillium_testing::{prelude::*, TestConn};
[INFO] [stdout]   |     ^^^^^^^^^^^^^^^^ use of undeclared crate or module `trillium_testing`
[INFO] [stdout] 
[INFO] [stdout] 
[INFO] [stdout] error[E0432]: unresolved import `trillium_testing`
[INFO] [stdout]  --> tests/options.rs:2:5
[INFO] [stdout]   |
[INFO] [stdout] 2 | use trillium_testing::{prelude::*, TestConn};
[INFO] [stdout]   |     ^^^^^^^^^^^^^^^^ use of undeclared crate or module `trillium_testing`
[INFO] [stdout] 
[INFO] [stdout] 
[INFO] [stdout] error[E0433]: failed to resolve: use of undeclared crate or module `trillium_smol`
[INFO] [stdout]  --> examples/router-with-macro.rs:6:5
[INFO] [stdout]   |
[INFO] [stdout] 6 |     trillium_smol::run(routes![
[INFO] [stdout]   |     ^^^^^^^^^^^^^ use of undeclared crate or module `trillium_smol`
[INFO] [stdout] 
[INFO] [stdout] 
[INFO] [stdout] error[E0433]: failed to resolve: use of undeclared crate or module `trillium_smol`
[INFO] [stdout]   --> examples/nested-router.rs:44:5
[INFO] [stdout]    |
[INFO] [stdout] 44 |     trillium_smol::run((
[INFO] [stdout]    |     ^^^^^^^^^^^^^ use of undeclared crate or module `trillium_smol`
[INFO] [stdout] 
[INFO] [stdout] 
[INFO] [stdout] error: aborting due to previous error
[INFO] [stdout] 
[INFO] [stdout] 
[INFO] [stdout] For more information about this error, try `rustc --explain E0433`.
[INFO] [stdout] 
[INFO] [stdout] error: aborting due to 2 previous errors
[INFO] [stdout] 
[INFO] [stdout] 
[INFO] [stdout] Some errors have detailed explanations: E0432, E0433.
[INFO] [stdout] 
[INFO] [stdout] For more information about an error, try `rustc --explain E0432`.
[INFO] [stdout] 
[INFO] [stderr] error: could not compile `trillium-router` (example "router-with-macro") due to 2 previous errors
[INFO] [stdout] error: cannot find macro `assert_status` in this scope
[INFO] [stdout]   --> tests/options.rs:10:5
[INFO] [stdout]    |
[INFO] [stdout] 10 |     assert_status!(&conn, 200);
[INFO] [stdout]    |     ^^^^^^^^^^^^^
[INFO] [stdout] 
[INFO] [stdout] 
[INFO] [stdout] error: cannot find macro `assert_headers` in this scope
[INFO] [stdout]   --> tests/options.rs:11:5
[INFO] [stdout]    |
[INFO] [stdout] 11 |     assert_headers!(&mut conn, "allow" => "GET, POST");
[INFO] [stdout]    |     ^^^^^^^^^^^^^^
[INFO] [stdout] 
[INFO] [stdout] 
[INFO] [stderr] error: could not compile `trillium-router` (example "nested-router") due to 3 previous errors
[INFO] [stdout] error: cannot find macro `assert_status` in this scope
[INFO] [stdout]   --> tests/options.rs:22:5
[INFO] [stdout]    |
[INFO] [stdout] 22 |     assert_status!(&conn, 200);
[INFO] [stdout]    |     ^^^^^^^^^^^^^
[INFO] [stdout] 
[INFO] [stdout] 
[INFO] [stdout] error: cannot find macro `assert_headers` in this scope
[INFO] [stdout]   --> tests/options.rs:23:5
[INFO] [stdout]    |
[INFO] [stdout] 23 |     assert_headers!(&mut conn, "allow" => "DELETE, GET, POST");
[INFO] [stdout]    |     ^^^^^^^^^^^^^^
[INFO] [stdout] 
[INFO] [stdout] 
[INFO] [stdout] error: cannot find macro `assert_status` in this scope
[INFO] [stdout]   --> tests/options.rs:26:5
[INFO] [stdout]    |
[INFO] [stdout] 26 |     assert_status!(&conn, 200);
[INFO] [stdout]    |     ^^^^^^^^^^^^^
[INFO] [stdout] 
[INFO] [stdout] 
[INFO] [stdout] error: cannot find macro `assert_headers` in this scope
[INFO] [stdout]   --> tests/options.rs:27:5
[INFO] [stdout]    |
[INFO] [stdout] 27 |     assert_headers!(&mut conn, "allow" => "DELETE, GET");
[INFO] [stdout]    |     ^^^^^^^^^^^^^^
[INFO] [stdout] 
[INFO] [stdout] 
[INFO] [stdout] error: cannot find macro `assert_status` in this scope
[INFO] [stdout]   --> tests/options.rs:30:5
[INFO] [stdout]    |
[INFO] [stdout] 30 |     assert_status!(&conn, 200);
[INFO] [stdout]    |     ^^^^^^^^^^^^^
[INFO] [stdout] 
[INFO] [stdout] 
[INFO] [stdout] error: cannot find macro `assert_headers` in this scope
[INFO] [stdout]   --> tests/options.rs:31:5
[INFO] [stdout]    |
[INFO] [stdout] 31 |     assert_headers!(&mut conn, "allow" => "GET");
[INFO] [stdout]    |     ^^^^^^^^^^^^^^
[INFO] [stdout] 
[INFO] [stdout] 
[INFO] [stdout] error: cannot find macro `assert_status` in this scope
[INFO] [stdout]   --> tests/options.rs:41:5
[INFO] [stdout]    |
[INFO] [stdout] 41 |     assert_status!(&conn, 200);
[INFO] [stdout]    |     ^^^^^^^^^^^^^
[INFO] [stdout] 
[INFO] [stdout] 
[INFO] [stdout] error: cannot find macro `assert_headers` in this scope
[INFO] [stdout]   --> tests/options.rs:42:5
[INFO] [stdout]    |
[INFO] [stdout] 42 |     assert_headers!(&mut conn, "allow" => "");
[INFO] [stdout]    |     ^^^^^^^^^^^^^^
[INFO] [stdout] 
[INFO] [stdout] 
[INFO] [stdout] error: cannot find macro `assert_status` in this scope
[INFO] [stdout]   --> tests/options.rs:49:5
[INFO] [stdout]    |
[INFO] [stdout] 49 |     assert_status!(&conn, 200);
[INFO] [stdout]    |     ^^^^^^^^^^^^^
[INFO] [stdout] 
[INFO] [stdout] 
[INFO] [stdout] error: cannot find macro `assert_headers` in this scope
[INFO] [stdout]   --> tests/options.rs:50:5
[INFO] [stdout]    |
[INFO] [stdout] 50 |     assert_headers!(&mut conn, "allow" => "DELETE, GET, PATCH");
[INFO] [stdout]    |     ^^^^^^^^^^^^^^
[INFO] [stdout] 
[INFO] [stdout] 
[INFO] [stdout] error: cannot find macro `assert_not_handled` in this scope
[INFO] [stdout]   --> tests/options.rs:56:5
[INFO] [stdout]    |
[INFO] [stdout] 56 |     assert_not_handled!(TestConn::build("options", "/", ()).on(&router));
[INFO] [stdout]    |     ^^^^^^^^^^^^^^^^^^
[INFO] [stdout] 
[INFO] [stdout] 
[INFO] [stdout] error: cannot find macro `assert_headers` in this scope
[INFO] [stdout]   --> tests/options.rs:65:5
[INFO] [stdout]    |
[INFO] [stdout] 65 |     assert_headers!(TestConn::build("options", "/nested/here", ()).on(&router), "allow" => "GET, POST");
[INFO] [stdout]    |     ^^^^^^^^^^^^^^
[INFO] [stdout] 
[INFO] [stdout] 
[INFO] [stdout] error: cannot find macro `assert_headers` in this scope
[INFO] [stdout]   --> tests/options.rs:66:5
[INFO] [stdout]    |
[INFO] [stdout] 66 |     assert_headers!(TestConn::build("options", "*", ()).on(&router), "allow" => "DELETE, GET, PATCH, POST, PUT");
[INFO] [stdout]    |     ^^^^^^^^^^^^^^
[INFO] [stdout] 
[INFO] [stdout] 
[INFO] [stdout] error: aborting due to 17 previous errors
[INFO] [stdout] 
[INFO] [stdout] 
[INFO] [stdout] Some errors have detailed explanations: E0432, E0433.
[INFO] [stdout] 
[INFO] [stdout] For more information about an error, try `rustc --explain E0432`.
[INFO] [stdout] 
[INFO] [stderr] error: could not compile `trillium-router` (test "options") due to 18 previous errors
[INFO] running `Command { std: "docker" "inspect" "56617d3c7d3b33f86ee46e4f946916044a9cf103fea4712070bff656ff63d204", kill_on_drop: false }`
[INFO] running `Command { std: "docker" "rm" "-f" "56617d3c7d3b33f86ee46e4f946916044a9cf103fea4712070bff656ff63d204", kill_on_drop: false }`
[INFO] [stdout] 56617d3c7d3b33f86ee46e4f946916044a9cf103fea4712070bff656ff63d204
